t common factor of 796 and 13894578.
398
Calculate the highest common divisor of 1076349 and 13.
1
Calculate the highest common factor of 2696 and 105320.
8
What is the greatest common factor of 23683615 and 35?
5
Calculate the greatest common factor of 8542950 and 2425.
25
Calculate the highest common divisor of 71851 and 1703.
13
Calculate the highest common divisor of 4760 and 4260840.
40
Calculate the highest common factor of 20106 and 141354.
18
What is the greatest common divisor of 3132 and 29784537?
783
What is the highest common factor of 195174 and 4221?
63
What is the highest common factor of 33013198 and 213650?
8546
What is the greatest common factor of 713608402 and 26?
26
Calculate the highest common factor of 92 and 81650046.
46
What is the greatest common divisor of 11460 and 61620?
60
Calculate the highest common factor of 1157048354 and 22.
22
Calculate the highest common factor of 6941 and 77438213.
631
Calculate the highest common divisor of 250359857 and 11.
11
What is the highest common factor of 46570568 and 3256?
3256
What is the highest common divisor of 3962513 and 2044?
73
What is the greatest common factor of 2576 and 49910322?
322
Calculate the highest common factor of 42 and 123762002.
14
Calculate the greatest common divisor of 748 and 688381408.
748
What is the greatest common divisor of 67610075 and 20800?
325
Calculate the highest common factor of 41 and 1862999.
41
Calculate the greatest common factor of 8728 and 17656.
8
Calculate the greatest common divisor of 44264 and 28344.
8
Calculate the greatest common divisor of 19432174 and 2362.
2362
Calculate the greatest common factor of 8578112 and 40.
8
What is the greatest common factor of 2608 and 36504176?
2608
What is the greatest common factor of 37345545 and 2818?
1409
Calculate the highest common divisor of 6 and 273890670.
6
What is the greatest common factor of 337669215 and 130?
65
Calculate the highest common divisor of 1176 and 5127192.
168
What is the highest common divisor of 687704 and 9400?
376
What is the highest common divisor of 3700 and 53132?
148
Calculate the greatest common divisor of 5862 and 4801955.
977
What is the greatest common factor of 30 and 51128725?
5
What is the greatest common divisor of 3350 and 223850?
50
What is the greatest common factor of 140406180 and 20640?
2580
Calculate the highest common divisor of 34260170 and 30.
10
What is the greatest common factor of 4832852 and 35236?
92
What is the greatest common factor of 121404 and 45300?
1812
Calculate the highest common divisor of 4859730 and 1130.
10
Calculate the highest common divisor of 90 and 4040595.
45
What is the highest common factor of 369000623 and 8014?
4007
What is the highest common divisor of 6148447 and 713?
31
Calculate the greatest common divisor of 76 and 27181818.
38
Calculate the greatest common factor of 351184 and 76984016.
7472
What is the greatest common divisor of 3111 and 26650839?
183
Calculate the greatest common divisor of 2540278695 and 15.
15
What is the greatest common factor of 89350 and 2315952?
3574
What is the highest common factor of 4698191 and 199?
199
What is the highest common factor of 372 and 3907612?
124
What is the highest common factor of 232805 and 157661?
101
Calculate the greatest common factor of 306618 and 5811.
39
Calculate the highest common divisor of 3872928 and 288.
96
Calculate the highest common factor of 28056 and 65016.
168
Calculate the highest common divisor of 115 and 676745.
5
Calculate the highest common divisor of 49870074 and 47682.
5298
Calculate the greatest common divisor of 869104 and 54400.
16
What is the highest common factor of 474140 and 189970?
1570
What is the highest common divisor of 7722399 and 2578?
1289
Calculate the highest common factor of 11520 and 1345455.
45
What is the highest common factor of 4004 and 141732668?
308
Calculate the highest common divisor of 1089 and 113150367.
1089
What is the greatest common divisor of 24 and 466106094?
6
Calculate the greatest common factor of 312613 and 2479.
37
What is the greatest common divisor of 3480 and 10718040?
120
Calculate the greatest common divisor of 37795 and 93845.
5
What is the greatest common divisor of 1780857 and 4433?
403
What is the greatest common divisor of 973874 and 418?
22
What is the highest common divisor of 3630 and 35871?
33
What is the greatest common factor of 152 and 280306924?
76
What is the highest common divisor of 22 and 108077926?
22
What is the greatest common factor of 1596 and 4833220?
532
What is the highest common divisor of 3647775 and 765?
255
Calculate the highest common factor of 24282 and 237341214.
1278
What is the highest common factor of 21191620 and 1460?
20
What is the highest common divisor of 124122 and 1761546?
822
Calculate the greatest common factor of 15582 and 2154432.
294
Calculate the highest common factor of 6494 and 2863208.
34
What is the greatest common divisor of 74291 and 94227?
7
What is the greatest common divisor of 26078406 and 12?
6
What is the greatest common divisor of 36142920 and 1485?
495
Calculate the greatest common divisor of 10769977 and 3721.
61
Calculate the greatest common factor of 327923231 and 1099.
157
Calculate the greatest common factor of 374917 and 4171.
43
Calculate the greatest common divisor of 26352 and 45799344.
432
Calculate the greatest common factor of 246 and 406269.
123
Calculate the greatest common factor of 1025 and 104144633.
41
What is the highest common divisor of 153329643 and 4203?
4203
What is the highest common factor of 632956043 and 1046?
523
What is the greatest common factor of 3610256 and 6968?
104
Calculate the highest common divisor of 75 and 6759840.
15
Calculate the greatest common divisor of 145272 and 59376.
24
Calculate the highest common factor of 87 and 488813473.
29
What is the greatest common divisor of 9965 and 28713151?
1993
What is the highest common factor of 585300 and 2676?
12
Calculate the greatest common divisor of 44693389 and 13.
13
Calculate the highest common divisor of 9 and 103531221.
9
Calculate the highest common factor of 69 and 149997927.
69
Calculate the greatest common divisor of 18 and 280707738.
6
What is the highest common divisor of 1147 and 326214829?
1147
Calculate the greatest common factor of 134581122 and 36.
18
What is the highest common divisor of 629622 and 336?
42
What is the greatest common divisor of 3735 and 10739370?
1245
Calculate the highest common divisor of 211294 and 373172.
58
Calculate the highest common factor of 1624 and 196098.
406
What is the highest common factor of 269269288 and 4776?
1592
Calculate the highest common factor of 154499372 and 356.
356
Calculate the greatest common divisor of 823361 and 165242.
2849
Calculate the greatest common divisor of 172 and 73620.
4
What is the highest common factor of 2811 and 203350551?
2811
Calculate the greatest common factor of 16280676 and 10287.
81
Calculate the highest common factor of 2593299 and 3111.
51
What is the greatest common factor of 79076 and 25016?
212
Calculate the highest common divisor of 27519874 and 8484.
202
What is the highest common factor of 16882 and 58190?
46
Calculate the greatest common divisor of 16 and 44335792.
16
What is the highest common divisor of 41 and 2557486889?
41
What is the highest common factor of 1569225 and 219051?
1281
Calculate the greatest common factor of 3850 and 10875326.
154
Calculate the highest common divisor of 244 and 25934333.
61
Calculate the highest common divisor of 308632 and 321088.
1384
What is the highest common factor of 58706131 and 77?
11
What is the highest common factor of 19105 and 49835?
5
Calculate the highest common divisor of 2150195 and 3392770.
10805
What is the highest common factor of 5972904 and 12544?
392
What is the greatest common divisor of 34 and 263821266?
34
What is the highest common factor of 12279645 and 29610?
315
Calculate the greatest common divisor of 451 and 1092687761.
451
What is the highest common divisor of 80790944 and 6280?
1256
Calculate the highest common factor of 225979702 and 2028.
338
Calculate the greatest common factor of 1197 and 29518818.
399
Calculate the highest common factor of 5 and 68000615.
5
Calculate the gre